2031 is divided by 12.
11
What is the remainder when 20332387 is divided by 1378?
1375
Calculate the remainder when 1802064 is divided by 247.
199
Calculate the remainder when 268341164 is divided by 48.
44
What is the remainder when 48355 is divided by 16057?
184
Calculate the remainder when 401892 is divided by 10304.
36
Calculate the remainder when 560529 is divided by 1774.
1719
Calculate the remainder when 202940 is divided by 67636.
32
What is the remainder when 716204 is divided by 173?
157
Calculate the remainder when 131959520 is divided by 25.
20
What is the remainder when 66947 is divided by 1521?
23
Calculate the remainder when 334051 is divided by 1860.
1111
What is the remainder when 908628749 is divided by 1530?
1529
What is the remainder when 6884057 is divided by 11?
4
What is the remainder when 13153358 is divided by 2630669?
13
Calculate the remainder when 559827 is divided by 600.
27
Calculate the remainder when 9640791 is divided by 28.
27
What is the remainder when 29066999 is divided by 256?
247
Calculate the remainder when 550059 is divided by 31.
26
Calculate the remainder when 2873007 is divided by 82.
55
Calculate the remainder when 150285 is divided by 249.
138
Calculate the remainder when 6051937 is divided by 7.
3
What is the remainder when 2096179 is divided by 1275?
79
Calculate the remainder when 388787 is divided by 77756.
7
Calculate the remainder when 2006507212 is divided by 9.
7
What is the remainder when 2634542 is divided by 901?
18
What is the remainder when 8988540 is divided by 1016?
1004
What is the remainder when 129505 is divided by 3362?
1749
Calculate the remainder when 620357 is divided by 65.
62
What is the remainder when 2375572 is divided by 107980?
12
Calculate the remainder when 701503 is divided by 775.
128
Calculate the remainder when 44027981 is divided by 308.
305
What is the remainder when 788967 is divided by 262960?
87
Calculate the remainder when 142202 is divided by 20310.
32
What is the remainder when 1687636 is divided by 113?
94
Calculate the remainder when 2675661 is divided by 346.
43
Calculate the remainder when 7498124 is divided by 3869.
2
What is the remainder when 2261599 is divided by 376933?
1
What is the remainder when 6720030 is divided by 1987?
1983
Calculate the remainder when 3184051 is divided by 636810.
1
What is the remainder when 115576 is divided by 9455?
2116
What is the remainder when 209982 is divided by 1084?
770
Calculate the remainder when 96961 is divided by 215.
211
Calculate the remainder when 12200 is divided by 1741.
13
What is the remainder when 400921 is divided by 133501?
418
What is the remainder when 407372 is divided by 2715?
122
Calculate the remainder when 59233 is divided by 3086.
599
Calculate the remainder when 13624 is divided by 13582.
42
Calculate the remainder when 16677 is divided by 268.
61
Calculate the remainder when 1154989049 is divided by 28.
25
What is the remainder when 8661489 is divided by 1698?
1689
What is the remainder when 2134170 is divided by 1067049?
72
What is the remainder when 42486 is divided by 223?
116
Calculate the remainder when 144047 is divided by 1286.
15
Calculate the remainder when 4877780 is divided by 211.
93
Calculate the remainder when 117448893 is divided by 397.
16
What is the remainder when 8726470 is divided by 436323?
10
What is the remainder when 14645046 is divided by 288?
246
What is the remainder when 2642098 is divided by 5150?
148
What is the remainder when 311493 is divided by 33?
6
What is the remainder when 2856571 is divided by 248?
107
What is the remainder when 306406 is divided by 101995?
421
Calculate the remainder when 295541 is divided by 36938.
37
What is the remainder when 37749 is divided by 3169?
2890
What is the remainder when 176370507 is divided by 31?
6
Calculate the remainder when 560253242 is divided by 3054.
3050
What is the remainder when 244772 is divided by 34813?
1081
Calculate the remainder when 3470274 is divided by 2792.
2610
Calculate the remainder when 277895 is divided by 100.
95
What is the remainder when 1774000 is divided by 9005?
15
Calculate the remainder when 362816 is divided by 35485.
7966
What is the remainder when 8219262 is divided by 334?
190
What is the remainder when 1995738 is divided by 665194?
156
What is the remainder when 145801 is divided by 118?
71
Calculate the remainder when 56147 is divided by 56034.
113
Calculate the remainder when 57963258 is divided by 38.
34
What is the remainder when 20532597 is divided by 122?
119
Calculate the remainder when 1086079 is divided by 24135.
4
Calculate the remainder when 7209953 is divided by 343331.
2
What is the remainder when 512285 is divided by 41?
31
Calculate the remainder when 51298 is divided by 12806.
74
Calculate the remainder when 116701 is divided by 979.
200
What is the remainder when 1141149 is divided by 20?
9
Calculate the remainder when 87628 is divided by 6276.
6040
What is the remainder when 20126195 is divided by 139?
107
What is the remainder when 112506934 is divided by 5113951?
12
Calculate the remainder when 4163824 is divided by 19.
12
Calculate the remainder when 14457478 is divided by 20.
18
What is the remainder when 2507329 is divided by 501464?
9
Calculate the remainder when 46465 is divided by 4378.
2685
Calculate the remainder when 4565852 is divided by 1521740.
632
What is the remainder when 3099838 is divided by 10650?
688
What is the remainder when 1736208 is divided by 2918?
2916
What is the remainder when 43945676 is divided by 4487?
4485
What is the remainder when 7147514 is divided by 25?
14
Calculate the remainder when 19372728 is divided by 7503.
7485
What is the remainder when 1860794 is divided by 4865?
2364
Calculate the remainder when 319648 is divided by 319548.
100
What is the remainder when 345873 is divided by 374?
297
Calculate the remainder when 25553982 is divided by 186.
0
Calculate the remainder when 2553766 is divided by 648.
646
What is the remainder when 879792 is divided by 21?
18
What is the remainder when 214528858 is divided by 882?
880
Calculate the remainder when 389420 is divided by 195.
5
What is the remainder when 377144696 is divided by 217?
215
Calculate the remainder when 4230875 is divided by 78.
77
What is the remainder when 157236 is divided by 324?
96
What is the remainder when 7050909 is divided by 242?
239
What is the remainder when 178297 is divided by 545?
82
Calculate the remainder when 974056 is divided by 1551.
28
Calculate the remainder when 390875 is divided by 1973.
221
What is the remainder when 2404899 is divided by 13?
3
Calculate the remainder when 1870189 is divided by 935065.
59
What is the remainder when 68069396 is divided by 642164?
12
What is the remainder when 24760547 is divided by 1177?
1175
What is the remainder when 85874527 is divided by 4089263?
4
Calculate the remainder when 13840228 is divided by 1390.
1388
What is the remainder when 8155459 is divided by 407?
400
What is the remainder when 2977231 is divided by 18?
13
Calculate the remainder when 2313699 is divided by 330511.
122
What is the remainder when 12716814 is divided by 44?
22
Calculate the remainder when 98520284 is divided by 32840083.
35
What is the remainder when 10765883 is divided by 61?
54
What is the remainder when 177165 is divided by 1947?
1935
Calculate the remainder when 68267409 is divided by 34133689.
31
Calculate the remainder when 630779 is divided by 33192.
131
What is the remainder when 18292 is divided by 3883?
2760
Calculate the remainder when 4189918 is divided by 203.
201
Calculate the remainder when 6408290 is divided by 145.
15
What is the remainder when 952228 is divided by 13044?
16
What is the remainder when 19550006 is divided by 4600?
6
What is the remainder when 170598 is divided by 34116?
18
Calculate the remainder when 900144 is divided by 89.
87
What is the remainder when 9178147 is divided by 268?
219
Calculate the remainder when 70637 is divided by 527.
19
Calculate the remainder when 17795988 is divided by 6.
0
Calculate the remainder when 25377 is divided by 950.
677
Calculate the remainder when 135776 is divided by 67871.
34
What is the remainder when 958282 is divided by 7157?
6401
What is the r